*2 - k. What is v(i)?
-6
Let i(j) = -3*j - 17 + 10 + 11. Let g(a) = -a**2 - 8*a - 11. Let w be g(-5). Calculate i(w).
-8
Let k be 29 + -27 - -6*-1*1. Let n(f) = -f**2 - 6*f - 6. Calculate n(k).
2
Let x = 3 + -2. Let w be x/(-2) + 7/2. Suppose -4*z + 7 = w. Let f(n) = -n. Determine f(z).
-1
Suppose 5*b - 5*n = 40, -5*b + b + 17 = n. Let w(h) = h + 2. Let d be w(0). Let z(p) = -5*p**2 + 11*p**2 + p**3 + d + b*p - 2*p**2. Determine z(-3).
-4
Let w(x) = -x - 1. Let l be (-2)/7 + (-344)/(-28). Let k = 17 - l. Suppose 2*c = k*a + 23, 3*a + 3*c - 24 = 7*a. Calculate w(a).
2
Let y(p) = -p + 1. Let a be (-144)/(-30) + (-2)/(-10). What is y(a)?
-4
Let z(m) = -4*m - 4. Let g(x) = x + 1. Let w(c) = -5*g(c) - z(c). Calculate w(0).
-1
Let d(c) = -c**3 - 21*c**2 + 24*c + 45. Let n be d(-22). Let r(j) = 8*j**2 - 2*j + 1. What is r(n)?
7
Let b(t) = 3*t + 5. Let y be -3 - (-3 - (-10)/2). What is b(y)?
-10
Let u = -7 - -7. Let b(c) = -c**3 - c + 5. What is b(u)?
5
Let a = -34 + 29. Let b(p) = -p**2 - 4*p + 3. Let g(v) = 3*v**2 + 12*v - 8. Let x(u) = -11*b(u) - 4*g(u). Give x(a).
-6
Let o = -15 - -10. Let c(x) be the third derivative of -x**6/120 - x**5/15 + 5*x**4/24 + x**3/2 + x**2. Give c(o).
3
Let g be (-1)/(-2) + (-1)/(-2). Let c(d) be the first derivative of 9*d**2/2 + d - 1. Determine c(g).
10
Let o(b) = 5*b - 3*b**2 + b + 10 + b**2 + b**2. Determine o(7).
3
Let q(f) = -f**3 - 4*f**2 - 4*f - 1. Let j(x) = -2*x**2 - x + 3. Let p be j(-2). Determine q(p).
2
Let g(k) be the first derivative of 3*k - 1/3*k**3 + 0*k**2 - 1. Let v be ((-2)/4)/((-2)/(-12)). Calculate g(v).
-6
Suppose 3*d - 6 = d. Let j(v) be the third derivative of -1/12*v**4 + 1/60*v**5 + 0*v + 0 - d*v**2 - 1/6*v**3. Give j(2).
-1
Let w = -1 - -7. Let j(o) be the second derivative of o**5/20 - 7*o**4/12 + 4*o**3/3 - 3*o**2/2 + 5*o - 12. Give j(w).
9
Let j(h) be the first derivative of 2 - 1/2*h**2 - 2*h + 1/3*h**3. Determine j(3).
4
Let i(m) = m**2 - 6*m - 1. Let q be i(5). Let k = -7 - q. Let h(n) = 3*n + n + 2 - 1. Give h(k).
-3
Let c(g) = 2*g**3 - 11*g**2 + 4*g - 11. Let z(j) = 2*j**3 + 5 - j - 3*j**3 - j + 5*j**2. Let r(h) = 2*c(h) + 5*z(h). Determine r(3).
-3
Let n(f) = -4*f**2 + 2*f + 1. Let g(s) = -7*s**2 + 3*s + 2. Let t(m) = 3*g(m) - 5*n(m). Determine t(2).
-5
Let h(p) = p**3 + 5*p**2 + 2*p + 6. Suppose -6 = -23*f + 21*f. Let n be f*15/(-27)*3. Determine h(n).
-4
Let n(s) = 4*s**2 - 13*s - 3. Let b(m) = -m**2 + 4*m + 1. Let h(a) = 7*b(a) + 2*n(a). Let i = -5 + 3. Give h(i).
1
Let g = -1 - -1. Suppose 0 = -0*w + 2*w - 8. Let o(l) = -l**2 + w*l + l**3 - 3*l**3 + 3*l**3 - 3*l. Calculate o(g).
0
Let v(d) = d**3 + 10*d**2 + 10*d + 4. Let q be v(-9). Let s(n) = -4*n + 2 + n + 4*n. Calculate s(q).
-3
Let d(x) = -x + 7. Let g(h) = h - 6. Let q be 2 + 0 + 6 + -2. Let a(p) = q*g(p) + 5*d(p). What is a(2)?
1
Let r(a) = a**2 + 6*a + 2. Let c(x) = -3*x**2 + x + 10. Let v be c(-11). Let m be v/63 + (-2)/9. Determine r(m).
2
Let y(b) = 4*b**2 + b - 1. Let x(s) = 3*s**2 + 2*s - 2. Let k(m) = -5*x(m) + 4*y(m). Calculate k(6).
6
Let c = 19 - 23. Let r(z) be the third derivative of z**6/120 + z**5/15 + z**4/8 + z**3 - z**2. Give r(c).
-6
Let i(c) = c**2 - 2*c - 2*c**2 + 0*c - 1 - 1. Let f = -3 + 0. Calculate i(f).
-5
Let y(z) = -4*z + 2. Let f = 43 - 46. Give y(f).
14
Suppose -4*c - 16 = 16. Let d(a) = 5*a**2 + 8*a + 12. Let m(i) = 2*i**2 + 3*i + 4. Let f(x) = c*m(x) + 3*d(x). Calculate f(3).
-5
Let t(c) = 5*c + 5. Let d(b) = 9*b + 11. Let a(s) = -2*d(s) + 5*t(s). Suppose 9*r - 4*r = -10. Calculate a(r).
-11
Let g(x) be the second derivative of x**3/6 - x**2 - x. Let l(q) = -3*q + 3. Let t(i) = -5*g(i) - 2*l(i). Suppose -20 = 4*m + m. What is t(m)?
0
Let n(g) = 2*g**2 + 3*g - 1. Suppose 0*d - 3*d = 15. Let h = d + 2. Determine n(h).
8
Let o(b) be the first derivative of 12*b**2 + 24. Determine o(1).
24
Let l(v) = -10*v**3 + 0*v + 3*v - 1 - v + 0*v. Calculate l(1).
-9
Let r(v) = -3*v - 1. Let p(o) be the second derivative of 0 + o + 1/12*o**4 - 1/2*o**2 + 2/3*o**3. Let y be p(-4). Give r(y).
2
Let i(j) = -4*j - 9. Let n(a) = 2*a + 4. Let z(h) = 2*i(h) + 5*n(h). Suppose -3*r + 20 - 3 = -b, b + 9 = r. Let l be b + -1 + 2 + 0. What is z(l)?
-6
Let y(k) = 4*k + 2. Let r(n) = -5*n - 2. Let g(h) = -5*r(h) - 6*y(h). Give g(8).
6
Let w(t) = -3*t**3 + 2*t**2 - 2*t + 1. Let b(p) be the third derivative of p**4/24 + 2*p**3/3 + 3*p**2. Let y be b(-3). What is w(y)?
-2
Let s(y) = -4*y - 15. Let r be s(-6). Let h(n) = n**3 - 9*n**2 + 3. What is h(r)?
3
Suppose -3*i - 6*s = -2*s - 1, 2 = -s. Let q(a) = -2*a + i + 0 + 3. Suppose o - 5*v = 15, -v - 27 = 2*o - 7*o. Determine q(o).
-4
Let s(n) be the third derivative of -1/2*n**3 + 1/4*n**4 + 1/360*n**6 + 2*n**2 + 1/120*n**5 + 0 + 0*n. Let d(v) be the first derivative of s(v). What is d(0)?
6
Let x = -8 + 11. Suppose 0 = 4*d - 1 - x. Let a(l) = 4*l**2 + 0*l**3 + l**3 - 3 - 2 + d. Determine a(-3).
5
Let o(q) = q**3 - q**2 + q. Let k(p) = 5*p**3 + p**2 + 3*p - 7. Let h(j) = k(j) - 4*o(j). What is h(-5)?
-2
Let r = 6 + -11. Let g(s) = -s**2 + 4*s - 3. Let y(o) = o**2 - 2*o + 2. Let m(l) = r*y(l) - 3*g(l). What is m(-2)?
-5
Let x(c) = -c**2 - 6*c - 2. Let t(b) = 2*b**2 + 12*b + 4. Let g(r) = -3*t(r) - 5*x(r). Suppose -6 = -3*u + 4*u. Determine g(u).
-2
Let g(p) = -p + 13. Let i be g(6). Suppose 4*x + m - 11 = 0, -5*m = -x + 1 + i. Let o(r) = -r**3 + 4*r**2 - 2*r + 3. What is o(x)?
6
Let v(x) be the second derivative of 0*x**4 + 1/2*x**3 + 0 + 0*x**2 - 1/60*x**6 + 0*x**5 + 3*x. Let n(j) be the second derivative of v(j). What is n(-1)?
-6
Let j(l) = -l**2 + 4*l - 5. Let x(a) = 3*a**2 - a - 4. Let r be x(3). Suppose -r = 3*b - 8*b + q, 4*b - 16 = -5*q. Determine j(b).
-5
Let j(r) = 2*r**2 - 2*r - 1. Let w = 30 - 25. Suppose w*p = 2*k + 2*k - 33, 3*p = -2*k - 11. What is j(k)?
3
Let h(x) = 2*x + 3 - 5 - 4*x + x. Determine h(2).
-4
Let n(d) = -d**2 - d + 1. Let u(p) = 10*p**2 + 10*p - 14. Let j(k) = 12*n(k) + u(k). Give j(-2).
-6
Let l(f) = -f**3 + 4*f**2 + 6*f - 1. Let x(k) be the second derivative of -k**5/10 - k**2/2 + 2*k. Let t be x(-2). Suppose -2*b + 5*b = t. Give l(b).
4
Let g(j) be the third derivative of -j**5/60 - j**4/4 + 5*j**3/6 - j**2. What is g(-6)?
5
Let c(p) be the third derivative of 7*p**4/24 - p**3/6 - 12*p**2. Calculate c(2).
13
Let o be 3 + (-4)/(12/9). Suppose -g - 4*g = o. Let s(x) = -x + x + 7 + x. Determine s(g).
7
Suppose z - 3 = -2*t, 2*t = z - 3*z. Let y(a) = 3*a - 2. Determine y(t).
7
Let n(w) = -5*w**2 + 1. Suppose d = 2, 3*t + 0*d - d + 5 = 0. Give n(t).
-4
Let o(v) = 4*v. Let d = 13 + -8. Let y be (2/5)/(1/d). What is o(y)?
8
Let j(r) = -1. Let d(o) = -4*o - 1. Suppose 0 + 5 = 5*i. Let n(b) = i*d(b) - 2*j(b). Calculate n(2).
-7
Let h be (5/15)/(2/(-12)). Let p(l) = -4*l - 2. Calculate p(h).
6
Suppose h = -0*h - 5. Let n be ((-10)/(-4))/(2/4). Let u(b) = n + 2*b - 2*b - b. Determine u(h).
10
Let z(f) be the third derivative of -f**5/60 + f**4/6 + f**3/3 - 39*f**2. Give z(3).
5
Let q(z) = z**3. Let l(t) = -4*t**3 - 3*t**2 - 2*t - 4. Let f(h) = -l(h) - 5*q(h). Determine f(4).
-4
Let x(b) = 7*b**2 - 12*b + 6. Let p(o) = 8*o**2 - 13*o + 6. Let n(m) = -6*p(m) + 7*x(m). Determine n(6).
6
Let r(m) = 40*m**2 - 79*m**2 - m**3 - 6 + 38*m**2. Suppose 0 = 2*x + 3*x. Calculate r(x).
-6
Let q(n) be the first derivative of -2*n**2 - 20*n + 5. Let y(m) = -m - 7. Let g(h) = -4*q(h) + 11*y(h). Calculate g(-3).
-12
Let b(r) = -r + 8. Let g be b(4). Let x(s) = s - g - 3 + 3. Suppose 5*f - 2*m = 3*m - 5, -3*f + 4*m = -1. Calculate x(f).
-9
Let s(c) = -7*c**3 - 5*c**2 - 5*c + 1. Let q(j) = -j**2 - j. Let n(m) = 5*q(m) - s(m). Calculate n(-1).
-8
Let u(l) = -5*l**2 - l - 7. Let a(f) = 15*f**2 + 2*f + 20. Let x(b) = 4*a(b) + 11*u(b). Give x(2).
17
Let i be 1/(-5) - 1/(5/4). Let a(b) = 3*b**2 + 2*b + 1. What is a(i)?
2
Let w be (1 + 2)/((-3)/9). Let y(r) = -r - 9. Let n be y(w). Suppose q - 4*a = 21, -9 = -5*q - 4*a - n*a. Let f(v) = v**3 - 4*v**2 - 3*v - 4. Give f(q).
6
Suppose 0 = 2*g - 26 + 130. Let a be g/(-12) + 2/(-6). Suppose -j - 5 + 4 = -2*i, -a = -5*i + 3*j. Let m(z) = 5*z**3 - z. What is m(i)?
-4
Let i be 3*1 + (8 - 6). Let k(c) = -12*c + c**3 - i*c**2 - 2*c**3 - 1 + 17*c. Give k(-6).
5
Let y(i) be the second derivative of -8*i**3/3 - i**2/2 + 2*i. Determine y